 -28*h**2 + 2*h + 6. Let a be r(-6). Calculate the remainder when a/(-65) - (-2)/5 is divided by 3.
1
Suppose 8*x - 148 = 4*x. Calculate the remainder when x is divided by 10.
7
Let i(v) = -8*v**2 - 6*v + 4. Let f(o) = -o + 1. Let r(c) = 5*f(c) - i(c). What is the remainder when r(2) is divided by 12?
11
Let a be 1*(-4)/(12/(-15)). Suppose u - 168 = -2*u + 3*o, -a*u = 3*o - 240. What is the remainder when u is divided by 18?
15
Let h be 32/(-6) + (-8)/12. Let q be (-2 - (h - 0)) + 1. What is the remainder when (-2 + q)/3 + 9 is divided by 4?
2
Suppose 11 = 4*p - 1. Suppose 36 = -f - p*f. Calculate the remainder when 29 is divided by (-88)/f + 10/45.
9
Let z(b) = -b**2 + 5*b - 3. Suppose 9 = 4*v - v. Let c be z(v). Suppose -46 = -c*s + s. What is the remainder when s is divided by 8?
7
Suppose -3*c - 8 = -5*c. Suppose 2*y - 5*y + 55 = c*k, 3*k + 1 = y. What is the remainder when 23 is divided by y?
10
Let w be ((-8)/(-28))/(1/21). What is the remainder when 34 is divided by 9/6 - (-21)/w?
4
Let z(s) = s**3 + 17*s**2 + 13*s + 14. Calculate the remainder when z(-16) is divided by 21.
20
Let r = -43 - -111. What is the remainder when r is divided by 14?
12
Let h(m) = -20*m**2 - 2*m. Let v be h(1). Let u = v - -34. Calculate the remainder when 20 is divided by u.
8
Suppose 0 = 2*w - 10 - 4. Calculate the remainder when 20 is divided by w.
6
Suppose 39 = l + 2*l. Calculate the remainder when 24 is divided by l.
11
Suppose 2*l + 4*j = 4*l + 16, -12 = -5*l - 3*j. Let k = 7 + -5. Suppose l*b + k*b - 26 = 0. What is the remainder when 24 is divided by b?
11
Let y(p) be the first derivative of p**4/4 - 4*p**3/3 - 3*p**2 + 5*p + 3. Let r be y(5). Calculate the remainder when (r + 30)/(-2 - -4) is divided by 6.
3
Let h(v) be the first derivative of 37*v**2/2 - 4. Let n = 19 + -6. What is the remainder when h(1) is divided by n?
11
Suppose 0 = 5*w + q - 42, -2*w + q - 2*q = -15. What is the remainder when 26 is divided by 0 - 4/((-4)/w)?
8
Suppose 2*j = j + 37. Let o(y) = y**3 + 4*y**2 - 7*y. Calculate the remainder when j is divided by o(-5).
7
Let f = -101 + 160. What is the remainder when f is divided by 30?
29
Suppose 0 = 7*q - 4*q - o - 4, 0 = -3*q - 5*o + 16. Calculate the remainder when q is divided by 1.
0
Let i(f) = -11*f**3 + 2*f**2 - f - 2. Calculate the remainder when 33 is divided by i(-1).
9
Suppose 5*y + 2*x + 3*x - 105 = 0, 4*x + 132 = 5*y. Suppose -f + 21 = 2*b, -b + 7 + 21 = -3*f. What is the remainder when y is divided by b?
11
Let a be 2*(-2)/(-1 + 2). Let s be (6/a)/(2/(-12)). Suppose 5*x - 6*x + s = 0. Calculate the remainder when 16 is divided by x.
7
Suppose -g - 144 = -5*g. Calculate the remainder when (15/10)/(2/g) is divided by 14.
13
Let c = -19 - -31. Let m(o) = o**2 + 12*o + 14. Let r be m(-10). What is the remainder when c is divided by 38/6 - r/9?
5
Let k(d) = 3*d - 2. Let l = -10 - -18. Calculate the remainder when k(8) is divided by l.
6
Suppose -4*p = -5*m - 155, 0*p - 3*p - 66 = 3*m. Let w = 39 + m. Calculate the remainder when 57 is divided by w.
9
Let k(u) = u - 2. Let o be k(10). Let d = o - 5. Suppose -d*y + 5 - 2 = 0. What is the remainder when 1 is divided by y?
0
Let r be 102/8 - 4/(-16). Suppose 0 = -4*i + r - 1. Calculate the remainder when i is divided by 3.
0
Suppose 4*p - 2*j + 3*j - 15 = 0, 0 = -3*j - 15. Let s = -7 - -15. What is the remainder when s is divided by p?
3
Let g(p) = -15*p + 55. What is the remainder when g(0) is divided by 23?
9
Let u(b) = b**3 + b. Let h be u(1). Suppose h*g - 12 = 26. What is the remainder when 73 is divided by g?
16
Suppose -2*y = -3*i - 31 + 10, 4*i + 63 = 5*y. Suppose -4*v = -y - 17. Calculate the remainder when 30 is divided by v.
6
Let s(t) = -t**3 - 7*t**2 + 6*t - 4. Suppose 2*w = 4*x + w - 9, -5*x - 5*w + 5 = 0. Suppose j - x + 10 = 0. Calculate the remainder when 23 is divided by s(j).
11
Suppose -5*d - 65 = 2*j - 460, 0 = 5*d + j - 390. Let s(k) = 2*k + 4. Calculate the remainder when d is divided by s(8).
17
Suppose n - 14 = 11. Calculate the remainder when 73 is divided by n.
23
Let v(m) = -43*m**3 - 2*m**2 + 1. Let g be v(-1). Suppose -g + 10 = -2*p. Calculate the remainder when 30 is divided by p.
14
Suppose -5*r - r + 90 = 0. Calculate the remainder when r is divided by 8.
7
Let f = 12 - 7. Let s = 7 - f. Suppose -s*n - 2 = -a, -4*a + 8 = -4*n - 0*n. What is the remainder when a is divided by 2?
0
Suppose 0 = -4*z - j + 14, -3*z + 2*j + 2*j = -1. Suppose z*h - 10 = 14. Suppose 2*m = -h + 30. What is the remainder when m is divided by 6?
5
Let o = -31 + 57. What is the remainder when o is divided by (2 + -30)*3/(-6)?
12
Let i = 85 - 59. Suppose -7*d + 12 = -3*d. Calculate the remainder when i is divided by (d/5)/(1/15).
8
What is the remainder when 99 is divided by 9/(-18) - 51/(-2)?
24
Suppose 3*m = m + 4*i + 28, 2*m - 27 = 3*i. Calculate the remainder when 21 is divided by m.
9
Let j(s) = -s + 4. Suppose -i = 2 + 3. Suppose 5*x + 21 = 146. Calculate the remainder when x is divided by j(i).
7
Let a(i) = i**3 + i + 4. Calculate the remainder when 10 is divided by a(0).
2
Calculate the remainder when (-20)/80 - (-73)/4 is divided by 11.
7
Let x = 15 - 4. Calculate the remainder when 29 is divided by x.
7
Suppose 0 = 17*z - 21*z + 120. What is the remainder when 88 is divided by z?
28
What is the remainder when 33 is divided by 336/20 - 4/(-20)?
16
Suppose 0 = 3*d - 3, -d - 20 = -k. Calculate the remainder when k is divided by 9.
3
Suppose -6 = -5*i + l, -4*l + 3 = 5*i - 2*l. Let w = 110 + -69. What is the remainder when w is divided by i*3*33/9?
8
Suppose 0 = q - 0*q - 73. What is the remainder when q is divided by 19?
16
Let a = 5 - 5. Suppose a*p - 21 = -p. Calculate the remainder when 61 is divided by p.
19
Suppose 7*g - 4*g + 33 = 0. Let n = 3 - g. What is the remainder when 39 is divided by n?
11
Let j(s) = s**3 - 10*s**2 + 6*s - 15. Let q be j(10). Suppose 0*h = -4*z - h + q, 0 = 5*z + 5*h - 60. Calculate the remainder when 42 is divided by z.
9
Suppose -5*m = -77 - 43. What is the remainder when 25 is divided by 320/m + (-2)/(-3)?
11
Let a(h) = h**2 + 9*h + 3. What is the remainder when a(-9) is divided by 2?
1
Let d be -6*(-2)/(-3)*-1. Suppose 5*r - d*v - 229 = 252, -3*v = -2*r + 198. What is the remainder when r is divided by 24?
21
Suppose 5*g - g = 16. Calculate the remainder when 8 is divided by g.
0
Let v = 15 + -9. Suppose 4*q = 4*i - 4, v = 3*i + 5*q - 13. Calculate the remainder when i is divided by 3.
0
Let i(n) = n**3 + 5*n**2 - 11*n + 2. What is the remainder when i(-4) is divided by 16?
14
What is the remainder when 14 is divided by (4/2 - 10/(-15))*3?
6
Suppose l + 0*l + 7 = 0. Let g = l + 18. Suppose -b + 6 = 2*v, 0 = 3*v - b + 3*b - 8. Calculate the remainder when g is divided by v.
3
Suppose -9 = 3*z - 21. Let t(g) = g**2 + 24*g + 89. Calculate the remainder when t(-20) is divided by z.
1
Suppose -15*c + 18*c = 93. What is the remainder when c is divided by 16?
15
What is the remainder when 26 is divided by 4 - (5 - 2) - -6?
5
Let m(v) = 0 - 2 - 6 - 2*v. Calculate the remainder when 23 is divided by m(-10).
11
Let v(x) = x**3 - 7*x + 9. What is the remainder when v(4) is divided by (3 - 2 - 1) + 12?
9
Let m(b) = b**3 - 2*b**2 + 6*b + 1. What is the remainder when m(5) is divided by 27?
25
Suppose 0 = -3*w + 5*w - 4. Suppose 72 = w*m - 130. What is the remainder when m is divided by 26?
23
Suppose 3 = 5*h - 0*h + 3*o, -3*o - 24 = -4*h. Suppose 0*l - 5*l - i = -13, -l - 1 = 2*i. Calculate the remainder when h is divided by l.
0
Suppose -2 = -a + 2. Let b = 12 + -26. Let i = b + 20. Calculate the remainder when i is divided by a.
2
Suppose 6*k - k = 60. What is the remainder when 33 is divided by k?
9
Suppose 0*l - 4*l - 568 = 0. Suppose -3*o = -0*o - 21. Calculate the remainder when (-6)/21 - l/7 is divided by o.
6
Let s(l) = -l - 9. What is the remainder when 14 is divided by s(-13)?
2
Suppose -15 = -4*z + w, 0 = 3*z + 2*z - 5*w. Suppose -14 = -3*r + 4*p + 17, -z*p = 5*r - 40. Calculate the remainder when 33 is divided by r.
6
Suppose 0*k = -3*k - 3. Let q be k*19*(1 + -4). Suppose 3*g = -0*g + q. Calculate the remainder when 55 is divided by g.
17
What is the remainder when 0*3/(-18) - -142 is divided by 49?
44
Let q = -7 + 5. Let x = 